*n**2 - 12*n + 6. Let m(z) = f*c(z) + 6*y(z). List the prime factors of m(-14).
53
Let g(y) = -2*y**2 - 9*y - 11. Let f be g(-5). Suppose -3*s + s = 68. Let p = f - s. What are the prime factors of p?
2, 3
Let o = 620 + -185. Suppose 11*b - o + 83 = 0. List the prime factors of b.
2
Let k be (36/24)/(-2 + 38/16). Suppose k*u - 676 = -4*p, p + 5*u = 9*u + 194. List the prime factors of p.
2, 3, 29
Let q = -850 + 876. Let u = -15 - -78. Let w = u - q. List the prime factors of w.
37
Suppose -26513 = -51*j + 58. What are the prime factors of j?
521
Let v = 885 + -593. List the prime factors of v.
2, 73
Let o(k) = k**2 - 12*k - 15. Let d be o(14). Suppose -d + 0 = -3*s - u, -u = s - 7. Suppose 4*h = 3*g + 126, 5*h - 4*g - 161 = -s. List the prime factors of h.
2, 3, 5
Suppose 14*q = 3*t + 13*q - 114, q - 3 = 0. What are the prime factors of t?
3, 13
Let i(g) = -34*g**3 + 4*g**2 - 5*g - 8. Let c be i(-2). Suppose -70 = 4*j - c. What are the prime factors of j?
5, 11
List the prime factors of (-301)/(-14)*(-4 - (-84 - 4)).
2, 3, 7, 43
Suppose 3*v - 203 + 68 = 0. Let p be (-620)/(-26) - -6*6/234. Let c = v - p. List the prime factors of c.
3, 7
Suppose -i = 2*r - 25, 3*i + r - 55 = -0*i. Let v = i + -14. Suppose 0*x = v*x - 117. What are the prime factors of x?
3, 13
Let b(l) = 12*l + 255. What are the prime factors of b(25)?
3, 5, 37
What are the prime factors of 150/(-100)*(-140)/6?
5, 7
Let n = -28 - -593. What are the prime factors of n?
5, 113
Let l = 281 - 38. Suppose 298 - 16 = 5*u + s, -l = -4*u + 5*s. What are the prime factors of u?
3, 19
Let n = 17 + -15. Suppose j - 32 = 5*l, n*l - 4*l - j = 10. Let t(g) = -g**2 - 9*g - 4. What are the prime factors of t(l)?
2, 7
Let t = -39 - -41. Suppose 3*z + 3*d - 126 = 0, t*z - 4*z = 5*d - 78. What are the prime factors of z?
2, 11
Let u = -35 + 46. Let k = 24 - 14. Let d = u + k. What are the prime factors of d?
3, 7
Let q = -321 - -1218. List the prime factors of q.
3, 13, 23
Let f(v) = -69*v**3 - 10*v**2 - v + 3. List the prime factors of f(-4).
3, 7, 29
Let x(q) = q**2 + 2*q - 6. Let k be x(-3). List the prime factors of 2 + 0/k - -1 - -157.
2, 5
Let l(k) = -k**2 - 14*k + 10. Let y(s) = s**2 - 14*s + 19. Let i be y(11). What are the prime factors of l(i)?
2, 5
Let s(x) = -10*x - 6. Suppose 0 = g - 2*g - 2. List the prime factors of s(g).
2, 7
Suppose -5*j + 73 = 28. Let r be (-2 - -7) + j/(-3). Suppose -r = -o - 0. List the prime factors of o.
2
Let z(l) be the second derivative of -11*l**3/6 + 4*l**2 - l. What are the prime factors of z(-7)?
5, 17
Suppose 3*d + 1 = 5*a - 21, a - 18 = 4*d. Suppose -5*s = -a*m + 104, -2*m + 118 - 2 = -2*s. List the prime factors of m.
2, 31
Suppose -5*q - 17 = -117. Suppose -13*j = -q*j + 343. List the prime factors of j.
7
Let q(t) = -16*t - 26. Let k be q(-9). Let z = 339 - k. List the prime factors of z.
13, 17
Let v(n) = n**3 - 29*n**2 + 6*n - 41. What are the prime factors of v(29)?
7, 19
Let o be (-33)/(-44) + (-18)/(-8). List the prime factors of (1 - (-177)/o) + 4.
2
List the prime factors of (-2010 + 2)*(-12)/32.
3, 251
Let n(v) be the second derivative of -3*v**3/2 + 2*v**2 - 21*v. Let p = 2 - 5. List the prime factors of n(p).
31
Suppose 5*n - 4*k = -16, -k + 3 = n - 1. List the prime factors of -45*(-1 - n/(-2)).
3, 5
Let b = -1 - 0. Suppose 62 = 5*f + 22. Let x = b + f. List the prime factors of x.
7
Let i(b) = -79*b - 25. What are the prime factors of i(-7)?
2, 3, 11
Suppose -8658 = 82*y - 88*y. List the prime factors of y.
3, 13, 37
List the prime factors of -1 + (423 - (5 - 2)).
419
List the prime factors of (-3 + 1)/(12/(-1182)).
197
Suppose -28440 = -68*n + 32*n. What are the prime factors of n?
2, 5, 79
Suppose -2*m - 1 = -19. Suppose 0 = -0*b - m*b + 1062. List the prime factors of b.
2, 59
Suppose 0 = 11*r + 50*r - 85156. List the prime factors of r.
2, 349
Let b(v) = 23*v - 14. Let r(i) = 22*i - 13. Let t be (-7)/(-2)*1*-2. Let j(w) = t*r(w) + 6*b(w). List the prime factors of j(-3).
5, 11
Let r = -39 - -42. Suppose -r*v = -5*v + 170. What are the prime factors of v?
5, 17
Suppose 0 = 3*c - 8 - 28. Suppose 0 = 2*b - 8 - c. List the prime factors of b.
2, 5
Let a = -13 + 3. Let j = -3 + a. Let d = 5 - j. What are the prime factors of d?
2, 3
Suppose 3*c - 1311 = 2*v, c + 159 - 596 = -5*v. List the prime factors of c.
19, 23
Let l(o) = o**3 - 9*o**2 - 6*o + 24. Let h be (36/24)/(34/(-40) - -1). What are the prime factors of l(h)?
2
Let o be 9/12 + 985/4. Let x = 385 - o. List the prime factors of x.
2, 3, 23
Suppose 0 = -4*f + 16, -4*w + 6460 = 94*f - 91*f. List the prime factors of w.
2, 13, 31
Let h(q) = q**3 + 13*q**2 + 9*q - 14. Let m be h(-12). Suppose -4*x - x = 3*f - m, -2*f + 2 = -3*x. List the prime factors of (-1317)/(-18) + f/(-24).
73
Let z(h) = h**2 - 18*h + 528. What are the prime factors of z(0)?
2, 3, 11
Let s(l) be the second derivative of 5*l - 1/20*l**5 - l**2 + 0 + 5/12*l**4 - 1/6*l**3. List the prime factors of s(2).
2
Suppose 77924 + 9952 = 36*s. What are the prime factors of s?
2441
Let t(n) = -69*n + 64. What are the prime factors of t(-14)?
2, 5, 103
Suppose 3*a - z = 3*z + 42, -2*z - 30 = -2*a. Suppose 0 = -5*b + 3*q - 33, q - 19 = 3*b - 0*b. Let i = b + a. List the prime factors of i.
2, 3
Suppose -2*j + 4927 = -3*k, -j + 2439 = -k - 25. List the prime factors of j.
5, 17, 29
Let n(o) = -o**3 - 2*o**2 + o + 5. Let a be n(4). Let v be (-10)/(-5)*a/(-6). Suppose -3*z - 36 = -3*b, 5*z - v = -3*b + z. List the prime factors of b.
11
Let d(a) be the third derivative of -13/24*a**4 + 7/6*a**3 - a**2 + 0*a + 0 - 11/60*a**5 - 1/120*a**6. What are the prime factors of d(-10)?
37
Suppose 0*z + 15 = 4*z - 5*t, 2*z + t = 11. Let a be 0 + (3 - 3) - z. List the prime factors of (a - -3)*(-8 - 0).
2
Suppose -6*w + 2*w + 120 = 2*x, -4*w = x - 70. What are the prime factors of x?
2, 5
Let r be 12/(-8) - 9/(-2). Suppose 167 = 2*u + 3*l, -5*u + r*u + 2*l + 152 = 0. What are the prime factors of u?
79
Let a be 3*(-4)/12*-41. Suppose -124 = 43*z - a*z. Let w = z + 103. List the prime factors of w.
41
Let p(m) = -22*m + 15*m + 8*m + m**2 - 26. What are the prime factors of p(-12)?
2, 53
Let a(l) = -24*l + 41. Let g be a(10). Let s = -99 - g. List the prime factors of s.
2, 5
Let t be 9/6 + 2/(-4). Let r(x) = 2*x**3 - 4 - t - 15*x**2 - x**3 + 4*x + 12*x. List the prime factors of r(14).
23
Let z = 75 - 111. Suppose 5*s - 2*n + 281 = -128, 3*n = -s - 75. Let o = z - s. List the prime factors of o.
3, 5
Let o(u) = -u**3 - 5*u**2 + 5*u - 16. Let r(l) = l - 16. Let t be r(9). List the prime factors of o(t).
47
What are the prime factors of (14/(196/10507))/(1/6)?
3, 19, 79
Suppose -n + 2*y = -0*y - 634, 0 = n - y - 632. List the prime factors of n.
2, 3, 5, 7
Let a = 221 - -13. List the prime factors of ((-5)/(-10))/(3/a).
3, 13
Suppose -4*s + 2 = -22. Suppose -s = -3*a + 138. What are the prime factors of a?
2, 3
Suppose -5*r = -5*t - 490, -5*t = -3*r + r + 211. Suppose 5*i = 3*m + r + 123, i - 30 = 5*m. What are the prime factors of i?
3, 5
Let j be 15*((-52)/12 - -2). Let x = -10 - j. Let r = x + -18. List the prime factors of r.
7
Let q = -286 - -482. Let k be (-1)/(-3) - q/12. Let r = 49 + k. What are the prime factors of r?
3, 11
List the prime factors of (-702 - (-13 + 6))/(-4 + 3).
5, 139
Let g = 532 + -67. What are the prime factors of g?
3, 5, 31
Let j(l) = l**2 + 5*l. Let m be j(-5). Suppose m = 5*u - 0*u. Suppose 0 = -u*t - t + 23. What are the prime factors of t?
23
Let y(k) be the second derivative of 11*k**4/12 - 5*k**3/3 - 3*k**2/2 + 17*k. List the prime factors of y(-2).
61
Suppose -g - 12 = -2*m - 6*g, -5*g = -4*m + 24. Let o(k) = -k**2 + 5*k + 13. List the prime factors of o(m).
7
Let q be 6/2 + 0 + 3. Suppose -3*n = -n - q. Suppose v = 3*v + 3*l - 42, -n*l - 63 = -3*v. What are the prime factors of v?
3, 7
Suppose -2*o = -z + 701 + 1662, 2*z + 5*o - 4708 = 0. What are the prime factors of z?
7, 337
Let k(v) = 14*v**2 - 171*v + 13. Let r be k(11). Let z = 91 + -215. Let c = z - r. What are the prime factors of c?
2, 5
Let p(h) = 226*h**2 - 13*h - 45. List the prime factors of p(-3).
2, 3, 13
Suppose 2*b = -2*t + 2, 5*t - b = 2*t - 5. List the prime factors of ((-1)/3 - t)/(6/621).
3, 23
Let w(r) = 6*r - 7. Let g be -1 + 